33
Let b(t) = -17*t - 3680. Calculate b(-217).
9
Let c(l) = -l**3 + 311*l**2 - 757*l + 42950. Give c(309).
-1
Let j(r) = -r**3 + 140*r**2 - 136*r + 19048. What is j(140)?
8
Let q(o) = o**3 - 239*o**2 - 892*o + 98811. Determine q(241).
1
Let d(v) = -3*v - 32. What is d(-4)?
-20
Let v(x) = -x**2 + 166*x + 5448. Determine v(-28).
16
Let a(b) = 2*b + 236. Give a(-36).
164
Let o(p) = 2*p**2 - 311*p + 2901. Determine o(10).
-9
Let l(q) = -27*q**2 + 3943*q - 148. Give l(146).
-2
Let l(a) = 130*a + 3882. Determine l(-30).
-18
Let r(i) = -2*i**2 + 45*i + 4. Give r(22).
26
Let l(c) = 43*c + 1545. What is l(-36)?
-3
Let l(w) = -36*w + 2090. Give l(58).
2
Let r(c) = 44*c - 1671. Give r(27).
-483
Let x(a) = -37*a**2 - 189*a - 5. Determine x(-5).
15
Let k(j) = 3*j**2 + 21*j + 38. What is k(-7)?
38
Let f(q) = -q**2 - 209*q - 7613. Determine f(-162).
1
Let v(p) = -184*p - 2088. What is v(-13)?
304
Let l(b) = b**2 - 25*b + 87. Give l(22).
21
Let n(k) = 2*k**3 + 4*k**2 + 8*k - 22. Calculate n(4).
202
Let f(w) = -w**2 + 452*w + 53257. Give f(549).
4
Let i(v) = v**2 + 2461*v + 4923. What is i(-2)?
5
Let c(p) = 9*p**2 - 7*p + 19. Calculate c(2).
41
Let v(d) = 958*d - 943. What is v(1)?
15
Let c(q) = q**3 + 32*q**2 - 94*q - 767. Determine c(-34).
117
Let i(a) = -3*a**2 - 22*a - 120. Calculate i(-5).
-85
Let r(s) = -426*s - 20878. Calculate r(-49).
-4
Let t(c) = -12*c**2 + 91*c + 6. What is t(8)?
-34
Let u(q) = -q**3 + 51*q**2 + 44*q + 264. Give u(52).
-152
Let i(u) = -72*u - 1090. Determine i(-15).
-10
Let d(c) = -c**2 - 69*c - 807. Calculate d(-12).
-123
Let s(q) = -405*q - 94. Calculate s(0).
-94
Let x(t) = -3*t**3 - 43*t**2 - 101*t - 20. Determine x(-11).
-119
Let p(z) = 13*z + 4. What is p(14)?
186
Let f(d) = -9*d**3 + 12*d**2 + 3*d + 15. Calculate f(0).
15
Let r(q) = -692*q + 11002. Determine r(16).
-70
Let b(i) = -i**3 - 65*i**2 - 184*i + 125. What is b(-62)?
1
Let o(u) = -u**2 + 26*u - 103. Give o(19).
30
Let j(k) = k**2 - 34*k - 337. Give j(-8).
-1
Let x(i) = -325*i + 3891. What is x(12)?
-9
Let c(l) = -99*l + 57. Give c(1).
-42
Let t(y) = y**2 - 21*y - 18. Determine t(18).
-72
Let q(g) = -46*g - 214. What is q(-4)?
-30
Let y(f) = -f**2 - 9*f - 4. What is y(-16)?
-116
Let l(m) = 2*m**2 - 1534*m + 21094. Determine l(14).
10
Let t(y) = -33*y + 13. Give t(-9).
310
Let l(i) = i**3 + 90*i**2 - 281*i - 201. Give l(-93).
-15
Let a(s) = 2*s**2 + 10*s - 31. Determine a(2).
-3
Let a(l) = 5*l**2 - 82*l - 363. Give a(-4).
45
Let l(d) = -3*d**2 - 3*d + 1161. Determine l(19).
21
Let c(m) = -536*m + 121676. Give c(227).
4
Let m(l) = l**3 - 17*l**2 - 52*l - 87. What is m(20)?
73
Let j(d) = d**3 + 14*d**2 + 20*d - 6. Give j(-12).
42
Let x(l) = -l**2 - 456*l + 3708. Calculate x(8).
-4
Let h(o) = -20*o - 7. Give h(1).
-27
Let f(o) = 16*o**2 + 10*o - 20. What is f(4)?
276
Let i(o) = -o**3 + 12*o**2 - 11*o - 4. Give i(7).
164
Let m(r) = -10*r**3 - 40*r**2 - r - 7. Calculate m(-4).
-3
Let c(k) = -7*k**2 - 456*k - 60. Give c(-65).
5
Let g(h) = 212*h**2 - 6365*h + 145. Determine g(30).
-5
Let n(f) = -443*f + 30524. What is n(69)?
-43
Let y(g) = 21*g**2 + 12*g - 30. Calculate y(2).
78
Let z(a) = -440*a - 93726. What is z(-213)?
-6
Let u(d) = -d**2 - 81*d - 761. Give u(-10).
-51
Let x(f) = 257*f + 1554. Give x(-7).
-245
Let u(c) = 41*c - 165. Calculate u(6).
81
Let k(a) = 96*a - 1414. What is k(13)?
-166
Let d(g) = -4205*g + 21004. Determine d(5).
-21
Let a(z) = 188*z**2 - 67*z - 131. Give a(-2).
755
Let g(q) = -q**2 - 84*q + 3701. Calculate g(-116).
-11
Let x(j) = j**3 + 4*j**2 - 197*j - 80. Determine x(-16).
0
Let q(r) = -104*r + 9679. Calculate q(93).
7
Let l(r) = 12*r**2 + 32*r - 64. What is l(-4)?
0
Let t(h) = -6*h**2 - 13*h - 21. Give t(-6).
-159
Let j(r) = r**3 - 14*r**2 - 3*r - 19. Give j(14).
-61
Let o(m) = -m**3 + 23*m**2 - 77*m + 25. Determine o(19).
6
Let a(z) = -46*z + 164. Determine a(5).
-66
Let f(b) = -b**3 + 6*b**2 - 14*b + 30. Calculate f(4).
6
Let c(a) = -2*a**3 + 28*a**2 - 40*a + 180. Calculate c(13).
-2
Let j(w) = 3*w**2 - 560*w + 6290. Calculate j(12).
2
Let d(r) = -5*r**2 - 66*r + 5. Calculate d(-13).
18
Let h(z) = 19*z**2 - 367*z + 123. What is h(19)?
9
Let w(i) = -137*i - 4382. What is w(-32)?
2
Let o(j) = j**3 - 17*j**2 + 76*j + 3. Give o(9).
39
Let f(i) = -10*i**2 + 322*i - 80. Give f(32).
-16
Let g(j) = 1148*j + 12628. Determine g(-11).
0
Let s(f) = -f**3 - 20*f**2 - 62*f + 101. Calculate s(-13).
-276
Let w(m) = 9*m**2 + 175*m - 519. What is w(3)?
87
Let t(i) = 4*i**2 - 114*i - 24. Calculate t(28).
-80
Let y(a) = -6*a**3 - 101*a**2 + 17*a - 20. What is y(-17)?
-20
Let n(a) = -a**3 + 7*a**2 + 842*a - 5086. What is n(6)?
2
Let d(h) = 7*h**2 - 83*h + 64. What is d(11)?
-2
Let d(w) = -134*w**2 - 460*w - 5. Determine d(-5).
-1055
Let j(b) = -b**3 - 6*b**2 + 16*b + 54. Give j(-6).
-42
Let o(w) = 51*w + 490. Calculate o(-27).
-887
Let h(v) = -v**3 - 31*v**2 + 2*v + 45. Calculate h(-31).
-17
Let z(c) = c**3 + 63*c**2 + 63*c + 74. Give z(-62).
12
Let p(o) = 5*o**3 - 2*o**2 - 8*o - 10. Determine p(-2).
-42
Let g(s) = -s**3 - 10*s**2 - 147*s - 2841. Determine g(-14).
1
Let u(v) = -v**3 + 33*v**2 - 98*v + 365. Determine u(30).
125
Let g(l) = -130*l + 2600. What is g(20)?
0
Let w(v) = 43*v + 467. Calculate w(-11).
-6
Let z(o) = -244*o + 2192. Determine z(9).
-4
Let m(z) = z**3 + 19*z**2 + 120*z + 252. Give m(-7).
0
Let v(g) = 30*g + 1021. Calculate v(-34).
1
Let h(g) = 6*g**3 - 2*g**2 + 6*g + 21. Calculate h(-2).
-47
Let c(x) = -2*x**3 + 16*x**2 + 206*x - 21. Calculate c(15).
-81
Let i(l) = l**3 - 51*l**2 - 62*l + 523. Give i(52).
3
Let y(o) = 5*o**3 - 150*o**2 + 520*o - 3. Determine y(26).
-3
Let y(d) = d**3 + 17*d**2 - 38*d - 348. What is y(-18)?
12
Let i(y) = y**3 + 35*y**2 + 74*y - 3. Give i(-2).
-19
Let d(f) = -f**3 + 4*f**2 + 101*f - 562. What is d(8)?
-10
Let d(c) = 3*c**3 + 58*c**2 + 4*c - 161. What is d(-19)?
124
Let u(w) = w**2 + 4*w - 106. Give u(9).
11
Let p(h) = 19*h**3 + 4*h**2 + 25*h + 92. What is p(-3)?
-460
Let m(g) = -345*g + 7646. Calculate m(22).
56
Let c(h) = -h**3 + h**2 - 8*h + 20. What is c(6)?
-208
Let v(u) = 284*u - 1144. What is v(4)?
-8
Let z(l) = 4*l + 193. What is z(-62)?
-55
Let d(l) = 222*l**2 - 12*l + 1. Determine d(1).
211
Let t(a) = 9*a - 274. What is t(-13)?
-391
Let y(w) = w**3 + 33*w**2 - 72*w - 65. Determine y(-35).
5
Let h(i) = 817*i + 6514. Give h(-8).
-22
Let q(o) = -819*o + 4907. Calculate q(6).
-7
Let y(j) = 266*j - 7155. Calculate y(27).
27
Let p(l) = l**3 - 25*l**2 + 62*l + 85. Calculate p(22).
-3
Let x(s) = s**2 + 80*s - 904. Give x(10).
-4
Let j(m) = m**2 + 74*m - 37. Give j(8).
619
Let j(w) = -w**2 + 34*w - 228. Calculate j(30).
-108
Let t(z) = -4*z**2 + 23*z + 67. Give t(-5).
-148
Let u(w) = -12*w**2 - 68*w + 3. What is u(-4)?
83
Let q(g) = -15*g + 60. What is q(2)?
30
Let h(i) = -3*i**2 - 1287*i + 5189. What is h(4)?
-7
Let u(a) = -a**2 - 73*a - 1331. Determine u(-37).
1
Let d(q) = -4*q**3 - 25*q**2 + q + 43. Determine d(-6).
1
Let a(c) = -5*c**2 + 59*c - 57. Calculate a(13).
-135
Let q(k) = 14*k + 947. Determine q(-68).
-5
Let u(n) = -174*n**3 + 3*n**2 - 5*n - 6. Give u(-1).
176
Let b(s) = -110*s + 312. Determine b(2).
92
Let y(r) = -r**2 - 57*r - 713. Calculate y(-17).
-33
Let p(v) = -10*v + 334. Determine p(-39).
724
Let m(s) = 2*s**2 + 180*s + 346. Calculate m(-2).
-6
Let o(x) = 10*x**2 + 47*x + 29. Calculate o(-4).
1
Let f(n) = -n**3 + 10*n - 22. Calculate f(2).
-10
Let k(s) = 53*s + 599. What is k(-14)?
-143
Let x(s) = 4*s**2 + 88. Calculate x(0).
88
Let m(l) = 116*l - 207. Give m(2).
25
Let h(n) = -156*n - 11215. Give h(-73).
173
Let t(s) = -43*s + 373. Determine t(16).
-315
Let r(b) = 161*b - 12. Determine r(0).
-12
Let n(v) = -30*v**3 - 3*v**2 - 100*v + 104. What is n(1)?
-29
Let r(t) = 2*t + 61. Determine r(9).
79
Let v(g) = g**3 + 16*g**2 - 6*g - 114. Calculate v(-16).
-18
Let x(n) = 3*n**3 - n**2 - 5*n + 84. Calculate x(0).
84
Let t(c) = -38*c + 4937. Give t(130).
-3
Let m(o) = 45*o + 2664. Give m(-59).
9
Let k(o) = 174*o - 8700. Calculate k(50).
0
Let o(h) = -h**2 + 85*h - 1820. Determine o(26).
-286
Let a(o) = 5*o**2 - 8*o + 19. Determine a(8).
275
Let d(q) = 2*q**3 + 15*q**2 + 15*q - 9. Calculate d(-6).
9
Let o(l) = 66*l + 6. Calculate o(0).
6
Let b(u) = -3*u**3 + 2*u**2 - 36*u + 139. Give b(4).
-1